{"id":209,"date":"2021-04-30T13:09:48","date_gmt":"2021-04-30T13:09:48","guid":{"rendered":"https:\/\/1-2-net.de\/?page_id=209"},"modified":"2021-05-01T13:53:09","modified_gmt":"2021-05-01T13:53:09","slug":"datenschutz","status":"publish","type":"page","link":"https:\/\/1-2-net.de\/?page_id=209","title":{"rendered":"Datenschutz"},"content":{"rendered":"<p>[et_pb_section fb_built=&#8220;1&#8243; admin_label=&#8220;Web Design CTA&#8220; _builder_version=&#8220;4.9.4&#8243; background_enable_image=&#8220;off&#8220; background_position=&#8220;top_left&#8220; custom_margin=&#8220;||50px||false|false&#8220; custom_padding=&#8220;100px|0px|0px|0px&#8220; hover_enabled=&#8220;0&#8243; custom_padding_last_edited=&#8220;on|tablet&#8220; sticky_enabled=&#8220;0&#8243; custom_padding_tablet=&#8220;0px||||false|false&#8220;][et_pb_row admin_label=&#8220;Contents&#8220; _builder_version=&#8220;3.25&#8243; custom_padding=&#8220;27px|0px|0px|0px&#8220;][et_pb_column type=&#8220;4_4&#8243; _builder_version=&#8220;3.25&#8243; custom_padding=&#8220;|||&#8220; custom_padding__hover=&#8220;|||&#8220;][et_pb_text admin_label=&#8220;Title&#8220; _builder_version=&#8220;4.9.4&#8243; text_font=&#8220;Ubuntu||||||||&#8220; text_font_size=&#8220;16px&#8220; text_line_height=&#8220;1.8em&#8220; header_font=&#8220;||||||||&#8220; header_2_font=&#8220;Montserrat|700|||||||&#8220; header_2_font_size=&#8220;40px&#8220; header_2_line_height=&#8220;1.4em&#8220; max_width=&#8220;100%&#8220; module_alignment=&#8220;left&#8220; locked=&#8220;off&#8220;]<\/p>\n<h2><span style=\"color: #025020;\">Datenschutz<\/span><\/h2>\n<div class=\"wpb_text_column wpb_content_element \">\n<div class=\"wpb_wrapper\">\n<p><strong>Datenschutzerkl\u00e4rung<\/strong><\/p>\n<p>Wir freuen uns \u00fcber Ihr Interesse an unserem Unternehmen und Dienstleistungen. Der Schutz Ihrer Privatsph\u00e4re bei der Nutzung unserer Internetseite ist uns ein besonderes Anliegen. Deshalb informieren wir Sie gerne nachfolgend \u00fcber Art, Umfang und Zwecke der Erhebung und Verwendung Ihrer personenbezogenen Daten.<\/p>\n<p>Lesen Sie gerne nachfolgend unsere Datenschutzerkl\u00e4rung.\u00a0<\/p>\n<\/div>\n<\/div>\n<p>[\/et_pb_text][et_pb_text _builder_version=&#8220;4.9.4&#8243; _module_preset=&#8220;default&#8220;]<\/p>\n<p>Datenschutzerkl\u00e4rung 1-2-net.de<\/p>\n<p>\u00a0I. Name und Anschrift des Verantwortlichen<\/p>\n<p>Der Verantwortliche im Sinne der Datenschutz-Grundverordnung und anderer nationaler Datenschutzgesetze der Mitgliedsstaaten sowie sonstiger datenschutzrechtlicher Bestimmungen ist<\/p>\n<p>Karin B\u00e4cker<br \/>Epscheider Str. 27<br \/>58339 Breckerfeld<br \/>Postfach 221<br \/>58334 Breckerfeld<\/p>\n<p>E-Mail: <a href=\"mailto:kontakt@1-2-net.de\">kontakt@1-2-net.de<\/a><br \/>Telefon: +49 2338 871535<\/p>\n<p>\u00a0II. Name und Anschrift des Datenschutzbeauftragten<\/p>\n<p>Der Datenschutzbeauftragte des Verantwortlichen ist:<\/p>\n<p>Karin B\u00e4cker<br \/>Epscheider Str. 27<br \/>58339 Breckerfeld<br \/>Postfach 221<br \/>58334 Breckerfeld<\/p>\n<p>E-Mail: <a href=\"mailto:kontakt@1-2-net.de\">kontakt@1-2-net.de<\/a><br \/>Telefon: +49 2338 871535<\/p>\n<p>III. Allgemeines zur Datenverarbeitung<\/p>\n<p>1. Umfang der Verarbeitung personenbezogener Daten<br \/>Wir verarbeiten personenbezogene Daten unserer Nutzer grunds\u00e4tzlich nur, soweit dies zur Bereitstellung einer funktionsf\u00e4higen Website sowie unserer Inhalte und Leistungen erforderlich ist. Die Verarbeitung personenbezogener Daten unserer Nutzer erfolgt regelm\u00e4\u00dfig nur nach Einwilligung des Nutzers. Eine Ausnahme gilt in solchen F\u00e4llen, in denen eine vorherige Einholung einer Einwilligung aus tats\u00e4chlichen Gr\u00fcnden nicht m\u00f6glich ist und die Verarbeitung der Daten durch gesetzliche Vorschriften gestattet ist.<\/p>\n<p>2. Rechtsgrundlage f\u00fcr die Verarbeitung personenbezogener Daten<br \/>Soweit wir f\u00fcr Verarbeitungsvorg\u00e4nge personenbezogener Daten eine Einwilligung der betroffenen Person einholen, dient Art. 6 Abs. 1 lit. a EU-Datenschutzgrundverordnung (DS-GVO) als Rechtsgrundlage. Bei der Verarbeitung von personenbezogenen Daten, die zur Erf\u00fcllung eines Vertrages, dessen Vertragspartei die betroffene Person ist, erforderlich ist, dient Art. 6 Abs. 1 lit. b DS-GVO als Rechtsgrundlage. Dies gilt auch f\u00fcr Verarbeitungsvorg\u00e4nge, die zur Durchf\u00fchrung vorvertraglicher Ma\u00dfnahmen erforderlich sind. Soweit eine Verarbeitung personenbezogener Daten zur Erf\u00fcllung einer rechtlichen Verpflichtung erforderlich ist, der unser Unternehmen unterliegt, dient Art. 6 Abs. 1 lit. c DS-GVO als Rechtsgrundlage. F\u00fcr den Fall, dass lebenswichtige Interessen der betroffenen Person oder einer anderen nat\u00fcrlichen Person eine Verarbeitung personenbezogener Daten erforderlich machen, dient Art. 6 Abs. 1 lit. d DS-GVO als Rechtsgrundlage. Ist die Verarbeitung zur Wahrung eines berechtigten Interesses unseres Unternehmens oder eines Dritten erforderlich und \u00fcberwiegen die Interessen, Grundrechte und Grundfreiheiten des Betroffenendas erstgenannte Interesse nicht, so dient Art. 6 Abs. 1 lit. f DS-GVO als Rechtsgrundlage f\u00fcr die Verarbeitung.<\/p>\n<p>3. Datenl\u00f6schung und SpeicherdauerDie personenbezogenen Daten der betroffenen Person werden gel\u00f6scht oder gesperrt, sobald der Zweck der Speicherung entf\u00e4llt. Eine Speicherung kann dar\u00fcber hinaus erfolgen, wenn dies durch den europ\u00e4ischen oder nationalen Gesetzgeber in unionsrechtlichen Verordnungen, Gesetzen oder sonstigen Vorschriften, denen der Verantwortliche unterliegt, vorgesehen wurde. Eine Sperrung oder L\u00f6schung der Daten erfolgt auch dann, wenn eine durch die genannten Normen vorgeschriebene Speicherfrist abl\u00e4uft, es sei denn, dass eine Erforderlichkeit zur weiteren Speicherung der Daten f\u00fcr einen Vertragsabschluss oder eine Vertragserf\u00fcllung besteht.<\/p>\n<p>IV. Bereitstellung der Website und Erstellung von Logfiles<\/p>\n<p>1. Beschreibung und Umfang der Datenverarbeitung.<br \/>Bei jedem Aufruf unserer Internetseite erfasst unser System automatisiert Daten und Informationen vom Computersystem des aufrufenden Rechners. Folgende Daten werden hierbei erhoben:<br \/>(1) Informationen \u00fcber den Browsertyp und die verwendete Version<br \/>(2) Das Betriebssystem des Nutzers<br \/>(3) Den Internet-Service-Provider des Nutzers<br \/>(4) Die IP-Adresse des Nutzers<br \/>(5) Datum und Uhrzeit des Zugriffs<br \/>(6) Websites, von denen das System des Nutzers auf unsere Internetseite gelangt<br \/>(7) Websites, die vom System des Nutzers \u00fcber unsere Website aufgerufen werden<br \/>(8) Name und URL der abgerufenen Datei<br \/>(9) Meldung, ob der Abruf erfolgreich war<br \/>Die Daten werden ebenfalls in den Logfiles unseres Systems gespeichert. Eine Speicherung dieser Daten zusammen mit anderen personenbezogenen Daten des Nutzers findet nicht statt.<br \/>2. Rechtsgrundlage f\u00fcr die Datenverarbeitung <br \/>Rechtsgrundlage f\u00fcr die vor\u00fcbergehende Speicherung der Daten und der Logfiles ist Art. 6 Abs. 1 lit. f DS-GVO. <br \/>3. Zweck der DatenverarbeitungDie vor\u00fcbergehende Speicherung der IP-Adresse durch das System ist notwendig, um eine Auslieferung der Website an den Rechner des Nutzers zu erm\u00f6glichen. Hierf\u00fcr muss die IP-Adresse des Nutzers f\u00fcr die Dauer der Sitzung gespeichert bleiben. Die Speicherung in Logfiles erfolgt, um die Funktionsf\u00e4higkeit der Website sicherzustellen. Zudem dienen uns die Daten zur Optimierung der Website und zur Sicherstellung der Sicherheit unserer informationstechnischen Systeme. Eine Auswertung der Daten zu Marketingzwecken findet in diesem Zusammenhang nicht statt. In diesen Zwecken liegt auch unser berechtigtes Interesse an der Datenverarbeitung nach Art. 6 Abs. 1 lit. f DS-GVO. <br \/>4. Dauer der SpeicherungDie Daten werden gel\u00f6scht, sobald sie f\u00fcr die Erreichung des Zweckes ihrer Erhebung nicht mehr erforderlich sind. Im Falle der Erfassung der Daten zur Bereitstellung der Website ist dies der Fall, wenn die jeweilige Sitzung beendet ist. Im Falle der Speicherung der Daten in Logfiles ist dies nach sp\u00e4testens sieben Tagen der Fall. Eine dar\u00fcberhinausgehende Speicherung ist m\u00f6glich. In diesem Fall werden die IP-Adressen der Nutzer gel\u00f6scht oder verfremdet, sodass eine Zuordnung des aufrufenden Clients nicht mehr m\u00f6glich ist.<br \/>5. Widerspruchs- und Beseitigungsm\u00f6glichkeitDie Erfassung der Daten zur Bereitstellung der Website und die Speicherung der Daten in Logfiles ist f\u00fcr den Betrieb der Internetseite zwingend erforderlich. Es besteht folglich seitens des Nutzers keine Widerspruchsm\u00f6glichkeit.<\/p>\n<p>V. Verwendung von Cookies<\/p>\n<p>1. Beschreibung und Umfang der Datenverarbeitung<br \/>Unsere Webseite verwendet Cookies. Bei Cookies handelt es sich um Textdateien, die im Internetbrowser bzw. vom Internetbrowser auf dem Computersystem des Nutzers gespeichert werden. Ruft ein Nutzer eine Website auf, so kann ein Cookie auf dem Betriebssystem des Nutzers gespeichert werden. Dieser Cookie enth\u00e4lt eine charakteristische Zeichenfolge, die eine eindeutige Identifizierung des Browsers beim erneuten Aufrufen der Website erm\u00f6glicht. Wir setzen Cookies ein, um unsere Website nutzerfreundlicher zu gestalten. Einige Elemente unserer Internetseite erfordern es, dass der aufrufende Browser auch nach einem Seitenwechsel identifiziert werden kann. In den Cookies werden dabei folgende Daten gespeichert und \u00fcbermittelt:<br \/>(1) Speicherung von Cookie-Einstellungen<br \/>(2) Absicherung vor SPAM\/Bots<br \/>(3) Textdarstellung<br \/>Wir verwenden auf unserer Website dar\u00fcber hinaus Cookies, die eine Analyse des Surfverhaltens der Nutzer erm\u00f6glichen. Auf diese Weise k\u00f6nnen folgende Daten \u00fcbermittelt werden:<br \/>(1) Eingegebene Suchbegriffe<br \/>(2) H\u00e4ufigkeit von Seitenaufrufen<br \/>(3) Videoaufrufe<br \/>(4) Downloadverhalten<br \/>(5) Inanspruchnahme von Website-Funktionen<br \/>(6) Videoaufrufe, Download- und Klickverhalten.<br \/>Beim Aufruf unserer Website wird der Nutzer \u00fcber die Verwendung von Cookies zu Analysezwecken informiert und seine Einwilligung zur Verarbeitung der in diesem Zusammenhang verwendeten personenbezogenen Daten eingeholt. In diesem Zusammenhang erfolgt auch ein Hinweis auf diese Datenschutzerkl\u00e4rung.<br \/>2.Rechtsgrundlage f\u00fcr die Datenverarbeitung <br \/>Die Rechtsgrundlage f\u00fcr die Verarbeitung personenbezogener Daten unter Verwendung technisch notweniger Cookies ist Art. 6 Abs. 1 lit. f DS-GVO. Die Rechtsgrundlage f\u00fcr die Verarbeitung personenbezogener Daten unter Verwendung von Cookies zu Analysezwecken ist bei Vorliegen einer diesbez\u00fcglichen Einwilligung des Nutzers Art. 6 Abs. 1 lit. a DS-GVO.<\/p>\n<p>3. Zweck der Datenverarbeitung<br \/>Der Zweck der Verwendung technisch notwendiger Cookies ist, die Nutzung von Websites f\u00fcr die Nutzer zu vereinfachen. Einige Funktionen unserer Internetseite k\u00f6nnen ohne den Einsatz von Cookies nicht angeboten werden. F\u00fcr diese ist es erforderlich, dass der Browser auch nach einem Seitenwechsel wiedererkannt wird. F\u00fcr folgende Anwendungen ben\u00f6tigen wir Cookies:<br \/>(1) Cookie-Consent<br \/>(2) Google ReCAPTCHA<br \/>(3) Textdarstellung\/Fonts<br \/>Die durch technisch notwendige Cookies erhobenen Nutzerdaten werden nicht zur Erstellung von Nutzerprofilen verwendet.Die Verwendung der Analyse-Cookies erfolgt zu dem Zweck, die Qualit\u00e4t unserer Website und ihre Inhalte zu verbessern. Durch die Analyse-Cookies erfahren wir, wie die Website genutzt wird und k\u00f6nnen so unser Angebot stetig optimieren.Die Analyse erfolgt zu Zwecken des Remarketing und Reporting, sowie zur Optimierung der Usablity und der User-Experience. In diesen Zwecken liegt auch unser berechtigtes Interesse in der Verarbeitung der personenbezogenen Daten nach Art. 6 Abs. 1 lit. f DS-GVO. <br \/>4. Dauer der Speicherung, Widerspruchs- und Beseitigungsm\u00f6glichkeit<br \/>Cookies werden auf dem Rechner des Nutzers gespeichert und von diesem an unserer Seite \u00fcbermittelt. Daher haben Sie als Nutzer auch die volle Kontrolle \u00fcber die Verwendung von Cookies. Durch eine \u00c4nderung der Einstellungen in Ihrem Internetbrowser k\u00f6nnen Sie die \u00dcbertragung von Cookies deaktivieren oder einschr\u00e4nken. Bereits gespeicherte Cookies k\u00f6nnen jederzeit gel\u00f6scht werden. Dies kann auch automatisiert erfolgen. Werden Cookies f\u00fcr unsere Website deaktiviert, k\u00f6nnen m\u00f6glicherweise nicht mehr alle Funktionen der Website vollumf\u00e4nglich genutzt werden.<\/p>\n<p>&nbsp;<\/p>\n<p>[\/et_pb_text][\/et_pb_column][\/et_pb_row][\/et_pb_section]<\/p>\n","protected":false},"excerpt":{"rendered":"<p>Datenschutz Datenschutzerkl\u00e4rung Wir freuen uns \u00fcber Ihr Interesse an unserem Unternehmen und Dienstleistungen. Der Schutz Ihrer Privatsph\u00e4re bei der Nutzung unserer Internetseite ist uns ein besonderes Anliegen. Deshalb informieren wir Sie gerne nachfolgend \u00fcber Art, Umfang und Zwecke der Erhebung und Verwendung Ihrer personenbezogenen Daten. Lesen Sie gerne nachfolgend unsere Datenschutzerkl\u00e4rung.\u00a0 Datenschutzerkl\u00e4rung 1-2-net.de \u00a0I. Name [&hellip;]<\/p>\n","protected":false},"author":1,"featured_media":0,"parent":0,"menu_order":0,"comment_status":"closed","ping_status":"closed","template":"","meta":{"_et_pb_use_builder":"on","_et_pb_old_content":"","_et_gb_content_width":"","footnotes":""},"class_list":["post-209","page","type-page","status-publish","hentry"],"_links":{"self":[{"href":"https:\/\/1-2-net.de\/index.php?rest_route=\/wp\/v2\/pages\/209","targetHints":{"allow":["GET"]}}],"collection":[{"href":"https:\/\/1-2-net.de\/index.php?rest_route=\/wp\/v2\/pages"}],"about":[{"href":"https:\/\/1-2-net.de\/index.php?rest_route=\/wp\/v2\/types\/page"}],"author":[{"embeddable":true,"href":"https:\/\/1-2-net.de\/index.php?rest_route=\/wp\/v2\/users\/1"}],"replies":[{"embeddable":true,"href":"https:\/\/1-2-net.de\/index.php?rest_route=%2Fwp%2Fv2%2Fcomments&post=209"}],"version-history":[{"count":6,"href":"https:\/\/1-2-net.de\/index.php?rest_route=\/wp\/v2\/pages\/209\/revisions"}],"predecessor-version":[{"id":262,"href":"https:\/\/1-2-net.de\/index.php?rest_route=\/wp\/v2\/pages\/209\/revisions\/262"}],"wp:attachment":[{"href":"https:\/\/1-2-net.de\/index.php?rest_route=%2Fwp%2Fv2%2Fmedia&parent=209"}],"curies":[{"name":"wp","href":"https:\/\/api.w.org\/{rel}","templated":true}]}}